{"id":2397,"date":"2012-11-09T14:57:46","date_gmt":"2012-11-09T19:57:46","guid":{"rendered":"http:\/\/w4kaz.com\/qth\/?page_id=2397"},"modified":"2016-10-19T17:26:43","modified_gmt":"2016-10-19T21:26:43","slug":"calendar","status":"publish","type":"page","link":"http:\/\/w4kaz.com\/qth\/?page_id=2397","title":{"rendered":"W4KAZ Softrock Based CW Skimmer Station &#8211; 00) Skimmer Schedule"},"content":{"rendered":"<p style=\"color: #ef370f;\">Down Time Schedule(d):<\/p>\n<p style=\"color: #ef370f;\">10m,15m,20m down from 2013\/10\/30 thr 2014-04-08<\/p>\n<p style=\"color: #ef370f;\">Skimmer for 10m,15m,20m unavailable. \u00c2\u00a0Skimmers for 160m, 80m, 40m are now up after pre-amp rebuild.<\/p>\n<p style=\"color: #ef370f;\"><span style=\"color: #000000;\">Regular Schedule, Summer 2014:<\/span><\/p>\n<ol>\n<li>160m Skimmer up 24\/7<\/li>\n<li><del>80m Skimmer up continuously over weekends only, \u00c2\u00a0starting Friday night thru Sunday afternoons<\/del><\/li>\n<li>40m Skimmer up 24\/7<\/li>\n<li><del>20m Skimmer\u00c2\u00a0up continuously over weekends only, \u00c2\u00a0starting Friday night thru Sunday afternoons<\/del><\/li>\n<li>15m skimmer up 24\/7<\/li>\n<li><del>10m skimmer &#8211; \u00c2\u00a0NOT ACTIVE.<\/del><\/li>\n<\/ol>\n<div><del>Contest schedule plan includes having all available skimmers active during CW contest weekends. \u00c2\u00a0Currently skimmers for 160m,80m,40m, 20m and 15m are available\/functional. \u00c2\u00a010m skimmer soon to be available on irregular basis after debug\/repair\/replacement (Fall 2013).<\/del><\/div>\n<p><del>extended down times will be noted here or above.<\/del><\/p>\n<p>last schedule change 2014-04-08, 1200z, de w4kaz<\/p>\n<p><strong>Known issues:<\/strong><\/p>\n<ul>\n<li>15m skimmer is showing frequency drift\/instability of +\/-300hz. \u00c2\u00a0This is likely due to a crystal of questionable reliability being forced into service.<\/li>\n<\/ul>\n<h5>Downtime Log<\/h5>\n<ul>\n<li><em>2013-12-22 thru <span style=\"font-style: normal;\">2014-04-08<\/span>\u00c2\u00a0 10m\/15m\/20m skimmers down due to damage<\/em><\/li>\n<li><em>2013-12-22 thru 2014-02-15 All skimmers down, damaged<\/em><\/li>\n<li><em>2013-07-30 thru 2013-08-15 \u00c2\u00a0All skimmers down, hiding from Thunderstorms<\/em><\/li>\n<li><em>2013-01-01 thru 2013-05-01. \u00c2\u00a020m skimmer and 10m skimmers were broken. \u00c2\u00a020m skimmer has been replaced. \u00c2\u00a010m skimmer is probably down until fall 2013.<\/em><\/li>\n<li><em>2012-09-24, 1200z thru 2012-10-05. \u00c2\u00a0All skimmers were down and in storage for shack re-model. Regular schedule resumed on 2012-10-05.<\/em><\/li>\n<li><em>2012-08-20, 2100z thru 2012-08-22 1700z \u00c2\u00a0All skimmers were down for system reconfiguration. 160m and 40m \u00c2\u00a0resumed schedule. \u00c2\u00a080m skimmer up temporarily.<\/em><\/li>\n<li><em>2013-10-29 thru present \u00c2\u00a0All skimmers are DOWN indefinitely.<\/em><\/li>\n<\/ul>\n<div><em>* *<\/em><\/div>\n","protected":false},"excerpt":{"rendered":"<p style=\"color: #ef370f;\">Down Time Schedule(d):<\/p>\n<p style=\"color: #ef370f;\">10m,15m,20m down from 2013\/10\/30 thr 2014-04-08<\/p>\n<p style=\"color: #ef370f;\">Skimmer for 10m,15m,20m unavailable. \u00c2 Skimmers for 160m, 80m, 40m are now up after pre-amp rebuild.<\/p>\n<p style=\"color: #ef370f;\">Regular Schedule, Summer 2014:<\/p>\n<p> 160m Skimmer up 24\/7 80m Skimmer up continuously over weekends only, \u00c2 starting Friday night thru Sunday afternoons 40m Skimmer up 24\/7 20m Skimmer\u00c2 up continuously over weekends only, \u00c2 starting Friday night thru Sunday afternoons 15m skimmer up 24\/7 10m skimmer &#8211; \u00c2 NOT ACTIVE. Contest schedule plan includes having all available skimmers active during CW contest weekends. \u00c2 Currently skimmers for 160m,80m,40m, 20m and 15m are available\/functional. \u00c2 10m skimmer soon to be available on irregular basis after debug\/repair\/replacement (Fall 2013). <\/p>\n<p>extended down times will be noted here or above.<\/p>\n<p>last schedule change 2014-04-08, 1200z, de w4kaz<\/p>\n<p>Known issues:<\/p>\n<p> 15m skimmer is showing frequency drift\/instability of +\/-300hz. \u00c2 This is likely due to a crystal of questionable reliability being forced into service. Downtime Log 2013-12-22 thru 2014-04-08\u00c2 10m\/15m\/20m skimmers down due to damage 2013-12-22 thru 2014-02-15 All skimmers down, damaged 2013-07-30 thru 2013-08-15 \u00c2 All skimmers down, hiding from Thunderstorms 2013-01-01 thru 2013-05-01. \u00c2 20m skimmer and 10m skimmers were broken. \u00c2 20m skimmer has been replaced. \u00c2 10m skimmer is probably down until fall 2013. 2012-09-24, 1200z thru 2012-10-05. \u00c2 All skimmers were down and in storage for shack re-model. Regular schedule resumed on 2012-10-05. 2012-08-20, 2100z thru 2012-08-22 1700z \u00c2 All skimmers were down for system reconfiguration. 160m and [&#8230;]<\/p>\n<p>Continue reading <a href=\"http:\/\/w4kaz.com\/qth\/?page_id=2397\">W4KAZ Softrock Based CW Skimmer Station &#8211; 00) Skimmer Schedule<\/a><\/p>\n","protected":false},"author":2,"featured_media":0,"parent":2211,"menu_order":0,"comment_status":"open","ping_status":"closed","template":"","meta":[],"_links":{"self":[{"href":"http:\/\/w4kaz.com\/qth\/index.php?rest_route=\/wp\/v2\/pages\/2397"}],"collection":[{"href":"http:\/\/w4kaz.com\/qth\/index.php?rest_route=\/wp\/v2\/pages"}],"about":[{"href":"http:\/\/w4kaz.com\/qth\/index.php?rest_route=\/wp\/v2\/types\/page"}],"author":[{"embeddable":true,"href":"http:\/\/w4kaz.com\/qth\/index.php?rest_route=\/wp\/v2\/users\/2"}],"replies":[{"embeddable":true,"href":"http:\/\/w4kaz.com\/qth\/index.php?rest_route=%2Fwp%2Fv2%2Fcomments&post=2397"}],"version-history":[{"count":27,"href":"http:\/\/w4kaz.com\/qth\/index.php?rest_route=\/wp\/v2\/pages\/2397\/revisions"}],"predecessor-version":[{"id":2779,"href":"http:\/\/w4kaz.com\/qth\/index.php?rest_route=\/wp\/v2\/pages\/2397\/revisions\/2779"}],"up":[{"embeddable":true,"href":"http:\/\/w4kaz.com\/qth\/index.php?rest_route=\/wp\/v2\/pages\/2211"}],"wp:attachment":[{"href":"http:\/\/w4kaz.com\/qth\/index.php?rest_route=%2Fwp%2Fv2%2Fmedia&parent=2397"}],"curies":[{"name":"wp","href":"https:\/\/api.w.org\/{rel}","templated":true}]}}